is -215 + 4052?
3635
In base 4, what is 21023121103 + 1?
21023121110
In base 10, what is 16531 + 4?
16535
In base 13, what is -480b - 6?
-4814
In base 6, what is 15 - 2545?
-2530
In base 4, what is 3030311 + -2?
3030303
In base 9, what is -4 - -80480?
80475
In base 7, what is -1333 - -230?
-1103
In base 6, what is 20 + 50325?
50345
In base 2, what is 10000001110010101001 + -10?
10000001110010100111
In base 14, what is 1c5 - 56b?
-386
In base 16, what is -1f1 - 65?
-256
In base 3, what is -222 - -112212000?
112211001
In base 15, what is -4e - -131?
d2
In base 12, what is 259618 + 4?
259620
In base 10, what is -273 + 527?
254
In base 15, what is -1a8 + -6d?
-226
In base 5, what is 23300 - -2?
23302
In base 12, what is 2 + -66b9?
-66b7
In base 6, what is 104303 + -4?
104255
In base 16, what is 13 + -2f3?
-2e0
In base 5, what is 34344242 - 3?
34344234
In base 12, what is 55608 + -2?
55606
In base 9, what is -44588 + -46?
-44645
In base 13, what is 69185 - 5?
69180
In base 3, what is -1212 + -1111112121?
-1111121110
In base 14, what is 15 + b46?
b5b
In base 10, what is -346 - 203?
-549
In base 13, what is 14 - -12c7?
130b
In base 10, what is 4684 - 5?
4679
In base 8, what is 1763646 - -4?
1763652
In base 14, what is 3 - 1a94?
-1a91
In base 5, what is 12133234 - -4?
12133243
In base 12, what is 50 - 6087?
-6037
In base 7, what is -13113354 - -4?
-13113350
In base 8, what is 1 + 155726?
155727
In base 15, what is 0 - -1159?
1159
In base 16, what is -b - -177d?
1772
In base 11, what is 7 - 7366?
-735a
In base 10, what is 192 + 530?
722
In base 3, what is -221221 - -102022?
-112122
In base 7, what is -103 + -114?
-220
In base 6, what is -14150 + -244?
-14434
In base 2, what is -110000100100 + -101100?
-110001010000
In base 10, what is 11 - -7954?
7965
In base 15, what is -35 - -9d3?
99d
In base 12, what is -1938 + 47?
-18b1
In base 16, what is 6926 + 4?
692a
In base 10, what is 2 - 136800?
-136798
In base 9, what is -102804 + 14?
-102780
In base 15, what is -3 - -25d3?
25d0
In base 16, what is -3 - -45445?
45442
In base 6, what is -3 - -104110?
104103
In base 3, what is -111222 - -1020?
-110202
In base 12, what is -3bb4 - 3?
-3bb7
In base 8, what is -1 - 6625?
-6626
In base 16, what is 7 - -947e?
9485
In base 6, what is -1325234 - -3?
-1325231
In base 6, what is -3 + 10212100?
10212053
In base 11, what is -2619 - 4?
-2622
In base 8, what is 10507625 + -5?
10507620
In base 7, what is -36 - -34603?
34534
In base 14, what is 4 + -24ba7?
-24ba3
In base 14, what is -5 - -5063?
505c
In base 11, what is 97 + -2291?
-21a5
In base 8, what is -134 - -103647?
103513
In base 11, what is 7 + -924a9?
-924a2
In base 13, what is -29cc + 37?
-2995
In base 16, what is -4dc + -104?
-5e0
In base 6, what is 20 + -541250?
-541230
In base 7, what is -44 - 1604?
-1651
In base 7, what is -203261 + -143?
-203434
In base 3, what is -12222002101 - 2?
-12222002110
In base 9, what is -3 + 45342?
45338
In base 13, what is 235 - 3348?
-3113
In base 10, what is 233 - 520?
-287
In base 13, what is 0 - -117665?
117665
In base 13, what is -1 + 8160?
815c
In base 12, what is -41152 - 0?
-41152
In base 15, what is 50c + 47?
554
In base 7, what is 32442 + 6?
32451
In base 11, what is 729a8 + 1?
729a9
In base 15, what is -15e1 + -38?
-1629
In base 7, what is -1101 + 436?
-332
In base 11, what is -4 + 23486?
23482
In base 5, what is 1224300 - -14?
1224314
In base 7, what is -11 - -1055060?
1055046
In base 16, what is 18 - -58bd?
58d5
In base 7, what is -22 - 1455663?
-1456015
In base 9, what is 561 + 437?
1108
In base 3, what is 212211002 + 2?
212211011
In base 5, what is -412432 + -122?
-413104
In base 5, what is 130213 + 121?
130334
In base 6, what is -14 + 30035?
30021
In base 4, what is 22323 - -223?
23212
In base 12, what is 194416 + -1?
194415
In base 6, what is 303151 + -12?
303135
In base 13, what is a1998 - 3?
a1995
In base 4, what is -12031 - -301?
-11130
In base 15, what is -208 + 67d?
475
In base 7, what is 212146 + 3?
212152
In base 3, what is -10 + -100122221?
-100200001
In base 4, what is -202 + 223132?
222330
In base 15, what is 2c + -230?
-203
In base 7, what is 24200 - 5?
24162
In base 7, what is -40 + -1111?
-1151
In base 4, what is 11200012 + -11?
11200001
In base 2, what is -1010000011000 - -110?
-1010000010010
In base 11, what is -4 - 7a01?
-7a05
In base 14, what is 0 - -d241?
d241
In base 16, what is 16 - -3ab7?
3acd
In base 10, what is -5 - 25259?
-25264
In base 13, what is 612 - -675?
c87
In base 7, what is 10233 + 313?
10546
In base 7, what is 101 + -451?
-350
In base 15, what is 4 + -70638?
-70634
In base 9, what is -102 + 10060?
8857
In base 6, what is 35252 + 3222?
42514
In base 12, what is 7 + 46476?
46481
In base 15, what is 3c6 + -81?
345
In base 7, what is 31625031 - 5?
31625023
In base 14, what is 26cdd + -4?
26cd9
In base 4, what is -12112010 + -3?
-12112013
In base 10, what is -37 - 77?
-114
In base 10, what is -37841 + 4?
-37837
In base 13, what is -46c - 2b4?
-753
In base 15, what is -1ad + -2844?
-2a02
In base 8, what is -131674 + 0?
-131674
In base 11, what is -142364 + 5?
-14235a
In base 9, what is 5 - -20838?
20844
In base 11, what is 3 + 98?
a0
In base 15, what is c - -90c99?
90ca6
In base 6, what is -3301 - -121?
-3140
In base 15, what is 543cd + 12?
543e0
In base 10, what is -3 - -8921?
8918
In base 12, what is -1973 + 559?
-1416
In base 6, what is -4034002 + 10?
-4033552
In base 3, what is -1220112 + 110?
-1220002
In base 7, what is -103 - 120260?
-120363
In base 7, what is -15325306 + 2?
-15325304
In base 2, what is 11111110100011 - -101000?
11111111001011
In base 14, what is 3 - -1776a?
1776d
In base 10, what is -4 + -570943?
-570947
In base 13, what is -4 - 338550?
-338554
In base 10, what is 3787392 - -1?
3787393
In base 6, what is 4000422 - -5?
4000431
In base 15, what is 136 - -2186?
22bc
In base 16, what is -12515 + 30?
-124e5
In base 7, what is -4 - -1010435?
1010431
In base 16, what is 3bb - -18?
3d3
In base 15, what is 8 + 1072?
107a
In base 4, what is -2 - -22112322?
22112320
In base 2, what is -100101100101010 + 10101?
-100101100010101
In base 12, what is 1 + 2a791?
2a792
In base 15, what is -6cc - 8?
-6d5
In base 12, what is -34 - -602?
58a
In base 4, what is 2130 - -212232?
221022
In base 3, what is 100112 + -2001?
21111
In base 5, what is -14212110 - 3?
-14212113
In base 4, what is -13332 - -13313?
-13
In base 15, what is -11 - 58996?
-589a7
In base 6, what is -120330354 + 2?
-120330352
In base 8, what is 170 + 22500?
22670
In base 8, what is 25207 + 0?
25207
In base 4, what is -10 + 2031131333?
2031131323
In base 5, what is 21134234 - 4?
21134230
In base 6, what is -110 - 2102215?
-2102325
In base 4, what is 21331320 + -10?
21331310
In base 2, what is 1000001110011011 - -10?
1000001110011101
In base 14, what is 1 + -c023?
-c022
In base 5, what is -104 - -4040?
3431
In base 6, what is 2 - -350550?
350552
In base 10, what is 5 - 34966?
-34961
In base 6, what is -11554353 - -2?
-11554351
In base 8, what is -4515 - 73?
-4610
In base 4, what is -10 - -20003021?
20003011
In base 10, what is 274771 - -2?
274773
In base 2, what is -1100 + 11010011111101110?
11010011111100010
In base 4, what is -233 + 1300?
1001
In base 6, what is -15524 - -11?
-15513
In base 6, what is -3 + 10444?
10441
In base 6, what is -20 + 40514?
40454
In base 10, what is -1 - 48088?
-48089
In base 9, what is -20 + -25106?
-25126
In base 10, what is -74 + 6951?
6877
In base 3, what is 102222 - -110201?
220200
In base 4, what is -1120 - 2112?
-3232
In base 7, what is -151664 - -6?
-151655
In base 7, what is 456352 + -2?
456350
In base 3, what is 12202 + 2011022?
2101001
In base 4, what is -1131 - -10311?
3120
In base 5, what is -441432 + 422?
-441010
In base 16, what is 96ea - a?
96e0
In base 12, what is -1564 - -29?
-1537
In base 14, what is -3d - 1c560?
-1c59d
In base 5, what is 21 + 330011?
330032
In base 12, what is -109 + -161?
-26a
In base 5, what is -22 - 2114141?
-2114213
In base 9, what is -6 + -2777352?
-2777358
In base 11, what is 1000a + 9?
10018
In base 5, what is 43 - 14004010?
-14003412
In base 11, what is a3 - -19160?
19253
In base 5, what is -21 + 22410?
22334
In base 14, what is -49 - -32?
-17
In base 9, what is 150 + 41?
201
In base 13, what is 